 a multiple of 64?
True
Is 42 a factor of 374253096?
True
Is 678 a factor of 132187135?
False
Does 240 divide 4417872027?
False
Is 2530 a factor of 38791273?
False
Is 12556495 a multiple of 1738?
False
Does 77 divide 59827211?
False
Is 55 a factor of 8670801?
False
Is 61284860 a multiple of 755?
True
Is 414 a factor of 162487134?
True
Does 33 divide 61091316?
True
Does 8 divide 131213286?
False
Does 111 divide 603790716?
True
Does 1093 divide 10385686?
True
Is 7 a factor of 568347745?
True
Is 96 a factor of 205247328?
True
Is 17 a factor of 81880177?
True
Does 47 divide 55452523?
False
Is 3150224 a multiple of 308?
True
Is 6 a factor of 318258626?
False
Does 36 divide 9467496?
True
Does 25 divide 31863922?
False
Is 17 a factor of 2115056428?
True
Is 1224167582 a multiple of 12262?
False
Is 72 a factor of 3579621552?
True
Does 12 divide 64759764?
True
Does 302 divide 92190332?
True
Does 37 divide 1357344593?
True
Is 177 a factor of 46761741?
False
Is 28382412 a multiple of 42?
False
Is 30 a factor of 615618308?
False
Is 28 a factor of 29373340?
False
Is 127 a factor of 1083518661?
True
Is 223 a factor of 737533252?
True
Does 73 divide 1450940109?
False
Is 49276814 a multiple of 624?
False
Is 2903815141 a multiple of 18?
False
Does 8 divide 192332008?
True
Is 13459843 a multiple of 14?
False
Does 13 divide 28224357?
False
Does 572 divide 1961960?
True
Does 736 divide 47867120?
False
Does 1067 divide 5688178?
False
Is 179514180 a multiple of 558?
True
Does 4 divide 252422330?
False
Is 83185257 a multiple of 67?
True
Is 289230614 a multiple of 3?
False
Is 837833009 a multiple of 1019?
True
Is 2057 a factor of 161908527?
True
Is 667651 a multiple of 97?
True
Is 29922671 a multiple of 10?
False
Is 523 a factor of 387472918?
True
Is 3191108 a multiple of 75?
False
Does 4 divide 54331865?
False
Is 181211146 a multiple of 231?
False
Is 41865962 a multiple of 1117?
False
Does 330 divide 1127193870?
True
Is 83 a factor of 28368819?
True
Does 93 divide 1405982?
False
Is 131982142 a multiple of 1567?
True
Does 230 divide 260763407?
False
Does 61 divide 5559479?
True
Does 240 divide 24576498?
False
Is 79787065 a multiple of 2267?
True
Is 676 a factor of 230759849?
False
Is 283763983 a multiple of 1535?
False
Does 85 divide 27973330?
True
Does 844 divide 627936?
True
Does 39 divide 8485737?
True
Is 458 a factor of 65843912?
True
Does 84 divide 4608828?
True
Is 4011145 a multiple of 29?
False
Is 457 a factor of 80289873?
True
Is 71812819 a multiple of 3?
False
Is 2389539860 a multiple of 41?
True
Is 522 a factor of 805015659?
False
Is 159 a factor of 50966178?
True
Is 246948845 a multiple of 53?
False
Does 3660 divide 902577960?
True
Is 2626813 a multiple of 12?
False
Is 3099095627 a multiple of 1973?
False
Is 101728685 a multiple of 934?
False
Is 851101412 a multiple of 14?
True
Does 32 divide 19905321?
False
Is 32 a factor of 101888?
True
Is 411 a factor of 22298137?
False
Is 1225473446 a multiple of 326?
True
Is 1224876653 a multiple of 1001?
True
Does 6556 divide 1705284722?
False
Is 714826850 a multiple of 1589?
False
Is 4513062 a multiple of 2?
True
Does 28 divide 432454499?
False
Does 16 divide 11256607?
False
Is 1138688 a multiple of 278?
True
Is 21968356 a multiple of 26?
False
Is 22484904 a multiple of 456?
True
Is 177485 a multiple of 26?
False
Does 2091 divide 89668750?
False
Is 1764958700 a multiple of 50?
True
Is 191446120 a multiple of 1543?
False
Does 6 divide 202068798?
True
Is 950 a factor of 2244477846?
False
Is 715470585 a multiple of 4505?
True
Does 1420 divide 3252793238?
False
Is 437952825 a multiple of 135?
True
Is 49 a factor of 21205272?
False
Does 28 divide 60676916?
False
Is 265649560 a multiple of 440?
True
Is 42 a factor of 6924714?
False
Is 15 a factor of 1047802650?
True
Is 22 a factor of 35924839?
False
Is 370 a factor of 10760665?
False
Is 12763522 a multiple of 2?
True
Is 14 a factor of 164063592?
True
Is 62 a factor of 11471350?
False
Is 456565992 a multiple of 95?
False
Does 225 divide 450023625?
True
Does 444 divide 5172784307?
False
Is 53 a factor of 25441007?
True
Does 78 divide 16742154?
True
Is 99 a factor of 35475969?
False
Is 30 a factor of 120261780?
True
Is 706 a factor of 3010595?
False
Is 14 a factor of 5920852?
True
Does 7 divide 81419541?
True
Is 158669954 a multiple of 3852?
False
Is 62769234 a multiple of 682?
True
Is 1529 a factor of 591084966?
False
Does 1068 divide 54298224?
False
Is 220741245 a multiple of 3719?
True
Is 179258805 a multiple of 45?
True
Does 701 divide 5799697?
False
Is 26 a factor of 13460524?
False
Is 32587907 a multiple of 625?
False
Does 4491 divide 582733681?
False
Does 21 divide 184156000?
False
Is 369504926 a multiple of 1414?
False
Is 805164437 a multiple of 3157?
True
Does 16 divide 62951289?
False
Does 644 divide 369633460?
True
Is 6525524 a multiple of 113?
True
Does 130 divide 2853133?
False
Does 201 divide 325090767?
True
Is 133 a factor of 387120253?
False
Is 34634527 a multiple of 93?
False
Is 916 a factor of 3863081?
False
Is 3289087 a multiple of 211?
False
Is 860 a factor of 6792717?
False
Is 165208632 a multiple of 318?
True
Does 8 divide 85475?
False
Does 16 divide 47765296?
True
Is 2244945458 a multiple of 508?
False
Is 180 a factor of 30816360?
True
Is 447484363 a multiple of 700?
False
Does 37 divide 14303423?
True
Is 6666738 a multiple of 78?
True
Does 241 divide 32424347?
False
Does 719 divide 9240588?
True
Does 957 divide 1258677024?
True
Is 1368 a factor of 454087080?
True
Is 68888433 a multiple of 19?
True
Is 275822190 a multiple of 1302?
True
Does 427 divide 92479915?
False
Is 8 a factor of 4227227?
False
Is 441 a factor of 22932882?
True
Is 226114146 a multiple of 54?
True
Does 39 divide 81958390?
False
Is 253 a factor of 679975029?
False
Is 963 a factor of 2783585205?
True
Does 1146 divide 59794439?
False
Does 1597 divide 1798788935?
True
Does 3 divide 173382373?
False
Does 28 divide 1267693835?
False
Is 12992577 a multiple of 3?
True
Is 48 a factor of 636066624?
True
Is 132 a factor of 57898673?
False
Is 137 a factor of 1456097100?
False
Is 25026192 a multiple of 76?
True
Does 4 divide 467709716?
True
Is 223 a factor of 97592920?
False
Is 1167 a factor of 340493982?
False
Does 85 divide 29364865?
True
Is 110777941 a multiple of 587?
False
Is 3 a factor of 280033837?
False
Is 5 a factor of 375627443?
False
Does 3028 divide 1471496108?
False
Is 1204 a factor of 1491574196?
True
Is 509715960 a multiple of 6?
True
Is 30998418 a multiple of 66?
True
Is 43 a factor of 158807022?
False
Is 258392511 a multiple of 14?
False
Is 98738800 a multiple of 25?
True
Does 9 divide 1176581727?
True
Is 43 a factor of 53852297?
True
Does 341 divide 1619645654?
True
Does 34 divide 605892342?
True
Does 88 divide 104024333?
False
Is 51 a factor of 30994179?
True
Is 2077477 a multiple of 21?
False
Is 236857265 a multiple of 6?
False
Is 4156272 a multiple of 72?
True
Is 98505828 a multiple of 54?
True
Does 29 divide 187767170?
True
Is 407 a factor of 108545170?
False
Is 86362149 a multiple of 8?
False
Is 39 a factor of 2032763782?
False
Is 25608542 a multiple of 31?
True
Does 14 divide 30922656?
False
Is 309952384 a multiple of 64?
True
Does 500 divide 517693000?
True
Is 17 a factor of 197212559?
False
Does 16 divide 187264374?
False
Does 30 divide 493836480?
True
Is 14794311 a multiple of 16?
False
Does 252 divide 186206076?
True
Does 13 divide 284213280?
True
Is 113 a factor of 6674478?
False
Is 448715452 a multiple of 124?
True
Does 2908 divide 2109925572?
True
Is 155 a factor of 92048632?
False
Is 100486915 a multiple of 109?
False
Does 26 divide 15762691?
False
Is 95302260 a multiple of 40?
False
Does 3 divide 13255691?
False
Is 23 a factor of 1553054415?
True
Does 113 divide 49885884?
True
Does 14 divide 626384556?
True
Is 50511034 a multiple of 10?
False
Is 2557 a factor of 33466016?
True
Is 154549818 a multiple of 249?
True
Is 2721341034 a multiple of 18?
True
Does 300 divide 400141593?
False
Does 22 divide 423826223?
False
Is 453456586 a multiple of 86?
True
Is 10 a factor of 71471024?
False
Is 350 a factor of 848768?
False
Does 634 divide 33751624?
True
Does 654 divide 1696618137?
False
Is 8606900 a multiple of 25?
True
Is 12229489 a multiple of 8?
False
Is 3486 a fac